= -j - 1343 - 1298, 2*z - 2632 = -2*j. Is z a composite number?
False
Let a be 26/6 - 1/3. Suppose h + 3 = -3*q, 4*h + 8 = -4*q - a. Is (-152)/h + 1/3 composite?
True
Suppose 17*g = 13*g + 16. Suppose -2*b + 5968 = 5*q - 5*b, g*q + 2*b = 4770. Is q prime?
True
Let b be -3 - (1 - 14)/1. Suppose -6*m = -b*m + 1364. Is m prime?
False
Is (-6)/22 + (-15992750)/(-781) prime?
True
Suppose 5*g = 2*s - 1027, -1541 = -4*s + 3*g + 534. Suppose 5*d - 670 = -4*p + 367, 0 = 2*p + 3*d - s. Is p a composite number?
True
Suppose 5*b + 4 + 1 = 0, -4*j + 5*b = 51. Is (-32 - 2041)*(-2)/((-12)/j) a composite number?
True
Suppose -2*w - 3*w = 0, 5*d + 4*w - 30 = 0. Suppose 9*y = d*y + 6. Is -8*(-10)/y - 3 a prime number?
True
Let w(n) = 43*n**3 - 13 - n**2 + 10 + 236*n**3 + 7 - 4*n. Is w(1) a composite number?
True
Let k = 96405 + -54236. Is k prime?
True
Let r(t) = -t**3 + 20*t**2 + 21*t + 95. Is r(20) composite?
True
Let u(x) be the first derivative of x**3 + 7*x**2 + 4*x + 4. Let o be u(11). Suppose 3*m + 176 = o. Is m a composite number?
True
Let x = 29 + -40. Let l = 14 + x. Suppose -852 = -4*t + 2*g, l*t + 0*g - 629 = -g. Is t prime?
True
Let h = 3817 + -2084. Is h a prime number?
True
Is 1*(-8)/20 - (-16672)/5 a composite number?
True
Let i(u) = 115 - 62 + 1358*u - 64. Is i(5) prime?
True
Let k(m) = 5*m**2 + 7*m - 1. Suppose 3*p = 2*p + 5*l + 15, -5*l = -2*p + 15. Suppose -3*c + 3*i - 12 = p, -5*c + 2*i = -2*c + 13. Is k(c) a composite number?
False
Is 4 + -6 - (1 + -856) composite?
False
Let m(v) = 17*v**2 - 1. Suppose 9*b - 24 = 13*b. Is m(b) a prime number?
False
Let f be ((-6)/9)/((-1)/9). Suppose 58*x + 9 = 57*x. Is 81/x*(-4)/f a prime number?
False
Let y(v) = 3*v**2 - 12*v - 3. Let p(f) = 4*f**2 - 18*f - 4. Let z(i) = -5*p(i) + 7*y(i). Is z(18) composite?
False
Is 31/(33474/4781 + -7) composite?
True
Let h be (-6 + 2)/(2/(-2)). Suppose f + 15125 = h*f + 2*c, 0 = 2*c - 8. Is f a composite number?
False
Suppose 79*u - 357 = 76*u. Is (1/1)/(u/59 - 2) a prime number?
True
Let r be 2 - 518 - 8/(-2). Let x = -93 - r. Is x a composite number?
False
Is 7438 - ((-3 - -10) + -2) a composite number?
False
Let x(n) = 589*n - 2. Let w = 43 + -42. Is x(w) a composite number?
False
Suppose 3*o + d - 10 = 0, -2*o + 4*d = o - 35. Suppose 0 = -o*l + 3 + 12. Suppose -l*k = 2*k - 955. Is k composite?
False
Suppose -26 = -4*s + 2. Is 0/1 - s/((-42)/3798) composite?
True
Suppose 10615 = 2*c + 6*j - 9*j, -3*j + 15900 = 3*c. Is c a composite number?
False
Let q(i) be the first derivative of -17*i**2/2 + 11*i - 1. Let h be q(-8). Suppose -h - 106 = -n. Is n a prime number?
False
Suppose 2*d = y + 8234, 6*y - 3*y + 8234 = 2*d. Is d a composite number?
True
Suppose 0*p + 4*p + 40 = 3*z, -2*p = -10. Suppose 0 = -4*j + z, 10*q = 6*q + 5*j + 7219. Is q composite?
False
Let n be (-3)/2*4*1. Suppose 4*d - d - 3 = 3*q, -2*q + 3*d = 4. Is 3/q - (n - -2) a prime number?
True
Is 68 + -78 + (3 - -31536) composite?
True
Let u = -989 + 358. Let n = 300 - -914. Let s = n + u. Is s a composite number?
True
Is (-3 - -2)*(-34758)/18 a composite number?
False
Let n(b) = b**3 - 2*b**2 - 2*b + 1. Let x be 2 + 0 + 3 + -2. Let h be n(x). Suppose o - h*o + 237 = 0. Is o composite?
False
Let u = 65 + -14. Suppose -355 = u*j - 56*j. Is j a composite number?
False
Let t be 40/(-18) + 12/54. Let g(z) = -47*z**3 - 5*z - 5. Is g(t) composite?
True
Let q = 7 - 4. Let c(t) = 5*t + 1. Let x be c(8). Suppose -q*i = -3*u - 54, 2*u - x = -2*i - u. Is i a prime number?
True
Let p(f) = -2*f**3 + f**2 - 4*f - 6. Let m(i) = 5*i**3 - 4*i**2 + 11*i + 19. Let l(x) = -x - 2. Let c be l(-5). Let b(o) = c*m(o) + 8*p(o). Is b(-7) composite?
False
Let j(g) = -2*g**2 + 12*g. Let q be j(5). Suppose -10056 - 6354 = -q*z. Is z prime?
False
Suppose 4*z = b - 32, 3*b - 2*b = -4. Is (-3124)/(-6) - 3/z prime?
True
Let u = 612 + -358. Is u prime?
False
Suppose -14*d = 15*d - 189167. Is d a prime number?
False
Let l(q) = -q - 1. Let g be l(-7). Suppose g*z - 664 = -2*z. Is z a prime number?
True
Suppose -4*l - 2 + 18 = 0. Let g(n) = 10 - 18 + 10 + l*n. Is g(5) composite?
True
Let c = -1653 - -1135. Let z be (c/(-3))/(10/435). Suppose -z = -9*a + 2*a. Is a a prime number?
False
Let y(k) = 4*k**2 - 1 + 3*k - 4 - 1 - 8*k. Suppose 5*d = -2*i, 2*d = 2*i + 17 - 3. Is y(i) a composite number?
True
Let n(y) = 542*y + 263. Is n(9) composite?
True
Let x(d) = d**2 + d. Let v be x(2). Let h(t) = -2*t + 5. Let p(q) = -q**2 + 3*q - 10. Let m(z) = -7*h(z) - 3*p(z). Is m(v) a prime number?
False
Suppose -5*m + 8*k - 5*k = -56679, 4*k = 3*m - 34003. Is m prime?
False
Suppose 2*z + 6*d - 5155 = 3*d, 4*z + 5*d - 10311 = 0. Is z a prime number?
True
Suppose 17*y - 15*y = -13096. Let w = 11635 + y. Is w prime?
True
Let g be 2 - (5 - 5) - -38. Is 3 - ((-444)/30)/(2/g) a composite number?
True
Suppose 5*t - 14 = -3*y, -3*t = -t - 2. Suppose 3*a - 2226 = -y*a. Is a prime?
False
Let k(o) be the third derivative of o**5/20 - o**4/24 + o**3/6 - o**2. Let f be (-3 - 9/(-6))/((-6)/(-16)). Is k(f) a prime number?
True
Let i(x) = 5*x + 2*x**2 - 221*x**3 - 3 + 2 - 167*x**3. Is i(-2) a prime number?
False
Suppose 3*o + 3*f = 21909, -19*f - 7303 = -o - 15*f. Is o a prime number?
False
Let i(r) = 16*r**2 - 9*r + 5. Let l(f) = f**2 - 18*f + 39. Let p be l(15). Is i(p) prime?
False
Let d be 35/20*(-31 + 7). Let c(t) = 72*t**2 + t. Let s be c(1). Let o = d + s. Is o a composite number?
False
Let t(m) = 37*m - 23. Let i be t(10). Is (-12)/(4 - 0) - i*-2 prime?
True
Let x(v) = -2*v**3 + 4*v**2 + 3*v. Let b = 9 + -11. Let o be x(b). Suppose 0*s - o = -2*s. Is s prime?
True
Let j be 0 - 3 - (-17 + 20). Let d = j - -23. Suppose -63 = -q - d. Is q prime?
False
Let v = 14 + -16. Let u be 4 + 1/1 + v. Suppose 2*d - 620 = -u*c, -5*d + c - 6*c + 1545 = 0. Is d a composite number?
False
Suppose q - 38319 = 5*f, -q + f - 2*f = -38295. Is q composite?
False
Let q = 14275 - -3451. Is q composite?
True
Let o = 19 - 7. Let m = o - 10. Suppose 255 = m*c + c. Is c a composite number?
True
Suppose -6*p - 11354 = -4*l - 3*p, -l + 2*p + 2841 = 0. Is l prime?
True
Suppose -210329 = -24*x + 108247. Is x a prime number?
False
Is (0 - -3)*(-1)/(12/(-15212)) composite?
False
Let t be 3/(-3)*-1*(-3)/(-3). Suppose t = -p + 212. Is p composite?
False
Suppose 25*b - 24*b + 2 = 0. Let r = b - -24. Is r prime?
False
Let z(t) = -748*t - 603. Is z(-46) prime?
False
Is (1744 - (10 + -5)) + -6 composite?
False
Is (111/(-12))/(-2 - 2222/(-1112)) prime?
False
Let o = -187 + 580. Let a = o + 676. Is a a composite number?
False
Suppose -2*t + 2*m + 2 = 0, 2*m = 5 - 3. Suppose -3*k + 4*a = -1097, t*k = 2*a + 109 + 625. Is k a prime number?
False
Suppose -192 = 4*g - 608. Suppose 2*k = -2*k + g. Is 74/4*(k - 0) composite?
True
Suppose -z + 6536 = 3*f, 2*f - 4625 = -z - 268. Is f a composite number?
False
Suppose -x = -j - 805, -5*x + 4019 = -5*j + 3*j. Is x a prime number?
False
Suppose 3*u + 6 = d, -d + 6*d + u - 46 = 0. Is (-1)/3 + 14898/d prime?
False
Is 1088064/128 + (-6)/4 composite?
True
Let a(c) be the second derivative of c**4/12 - 13*c**2/2 - 17*c. Is a(12) a prime number?
True
Let k = 157 + -151. Suppose 0 = -k*v + 18*v - 18516. Is v prime?
True
Suppose -76*s = -44*s - 2794144. Is s a composite number?
False
Suppose 5 = 7*a - 6*a. Suppose a*i - 3*i = 530. Is i a prime number?
False
Is 7 - (0/(-8) - 51208) a prime number?
False
Let u(k) be the third derivative of -k**6/120 + k**5/60 - k**4/24 + 5*k**3/6 + 29*k**2. Suppose 2*v = -3*v - 20. Is u(v) a composite number?
False
Let v be (-5 - -1)*(-410 + 1). Suppose v = 18*z - 14*z. Let h = -246 + z. Is h a prime number?
True
Is 0 - 4109/(-3) - 24/36 a composite number?
True
Suppose 132917 = -41*i + 64*i. Is i a prime number?
True
Let o be ((-143)/33 - (-2)/(-3)) + -1. Is (2 - o/(-4))/(2/14660) composite?
True
Suppose 0 = 2*d - 4*w - 157578, 3*d + 32*w - 236352 = 33*w. Is d a composite number?
True
Let g(b) = -b + 1. Let c be g(2). Let x(w) = 697*w**2 - 5*w - 1. Is x(c) a composite number?
False
Let t be (-1 - -1) + 0/(-2). Let r(h) = h**3 - 37*h**2 - 39*h + 40. Let x be r(38). Suppose -4 = z - t, x*n + z = 418. Is n a prime number?
True
Let c(z) = z**3 - z**2 + 1. Let b be c(2). Suppose -b*g + w = 3176, -2561 = 3*g + 2*w - 658. Let n = -348 - g. Is n co